{"id":1030,"date":"2012-07-20T11:53:47","date_gmt":"2012-07-20T09:53:47","guid":{"rendered":"https:\/\/www.luzine-happel.de\/?page_id=1030"},"modified":"2018-03-18T14:35:21","modified_gmt":"2018-03-18T12:35:21","slug":"ausstellungskatalog-2003-gert-und-maria-deistler-stickereien-in-unserer-zeit","status":"publish","type":"page","link":"https:\/\/www.luzine-happel.de\/?page_id=1030","title":{"rendered":"Ausstellungskatalog 2003 &#8211; Gert und Maria Deistler &#8211; Stickereien in unserer Zeit"},"content":{"rendered":"<div class='content-column one_half'><a href=\"https:\/\/www.luzine-happel.de\/wp-content\/uploads\/2012\/07\/Katalog-Deistler-2003.jpg\"><img loading=\"lazy\" decoding=\"async\" style=\"border:1px solid #000000;float:none;\" class=\"alignleft lupenb\" title=\"Ausstellungskatalog 2003 - Gert und Maria Deistler - Stickereien in unserer Zeit\" src=\"https:\/\/www.luzine-happel.de\/wp-content\/uploads\/2012\/07\/Katalog-Deistler-2003-438x417.jpg\" alt=\"Ausstellungskatalog 2003 - Gert und Maria Deistler - Stickereien in unserer Zeit\" width=\"438\" height=\"417\" \/><\/a><center><strong>Ausstellungskatalog 2003<\/strong><br \/>\nGert und Maria Deistler<br \/>\n<strong>Stickereien in unserer Zeit<\/strong><\/center><br \/><\/div>\n<div class='content-column one_half last_column'><strong>Ausstellungskatalog 2003 &#8211; Gert und Maria Deistler &#8211; Stickereien in unserer Zeit<\/strong><br \/>\nDokumentation der Ausstellung im August 2003 in Freren<\/p>\n<ul>\n<li>49 Seite; schwarz-wei\u00df<\/li>\n<li>mit guten, oft ganzseitigen Fotos der Ausstellungsst\u00fccke<\/li>\n<li>Text: deutsch<\/li>\n<\/ul>\n<p>Gezeigt werden haupts\u00e4chlich Schw\u00e4lmer Wei\u00dfstickereien und viele \u00fcppige Randgestaltungen, aber auch einige St\u00fccke, die in Hedebo-, Richelieu- und Ajourtechnik gefertigt wurden.<br \/><\/div><div class='clear_column'><\/div>","protected":false},"excerpt":{"rendered":"","protected":false},"author":1,"featured_media":0,"parent":55,"menu_order":0,"comment_status":"open","ping_status":"open","template":"page-FullWidth.php","meta":{"inline_featured_image":false,"footnotes":""},"class_list":["post-1030","page","type-page","status-publish","hentry","wpautop"],"yoast_head":"<!-- This site is optimized with the Yoast SEO plugin v27.5 - https:\/\/yoast.com\/product\/yoast-seo-wordpress\/ -->\n<title>Ausstellungskatalog 2003 - Gert und Maria Deistler - Stickereien in unserer Zeit - Luzine Happel<\/title>\n<meta name=\"robots\" content=\"index, follow, max-snippet:-1, max-image-preview:large, max-video-preview:-1\" \/>\n<link rel=\"canonical\" href=\"https:\/\/www.luzine-happel.de\/?page_id=1030&lang=en\" \/>\n<meta property=\"og:locale\" content=\"de_DE\" \/>\n<meta property=\"og:type\" content=\"article\" \/>\n<meta property=\"og:title\" content=\"Ausstellungskatalog 2003 - Gert und Maria Deistler - Stickereien in unserer Zeit - Luzine Happel\" \/>\n<meta property=\"og:url\" content=\"https:\/\/www.luzine-happel.de\/?page_id=1030&amp;lang=en\" \/>\n<meta property=\"og:site_name\" content=\"Luzine Happel\" \/>\n<meta property=\"article:modified_time\" content=\"2018-03-18T12:35:21+00:00\" \/>\n<meta property=\"og:image\" content=\"https:\/\/www.luzine-happel.de\/wp-content\/uploads\/2012\/07\/Katalog-Deistler-2003-438x417.jpg\" \/>\n<meta name=\"twitter:card\" content=\"summary_large_image\" \/>\n<meta name=\"twitter:label1\" content=\"Gesch\u00e4tzte Lesezeit\" \/>\n\t<meta name=\"twitter:data1\" content=\"1\u00a0Minute\" \/>\n<script type=\"application\/ld+json\" class=\"yoast-schema-graph\">{\"@context\":\"https:\\\/\\\/schema.org\",\"@graph\":[{\"@type\":\"WebPage\",\"@id\":\"https:\\\/\\\/www.luzine-happel.de\\\/?page_id=1030&lang=en\",\"url\":\"https:\\\/\\\/www.luzine-happel.de\\\/?page_id=1030&lang=en\",\"name\":\"Ausstellungskatalog 2003 - Gert und Maria Deistler - Stickereien in unserer Zeit - Luzine Happel\",\"isPartOf\":{\"@id\":\"https:\\\/\\\/www.luzine-happel.de\\\/#website\"},\"primaryImageOfPage\":{\"@id\":\"https:\\\/\\\/www.luzine-happel.de\\\/?page_id=1030&lang=en#primaryimage\"},\"image\":{\"@id\":\"https:\\\/\\\/www.luzine-happel.de\\\/?page_id=1030&lang=en#primaryimage\"},\"thumbnailUrl\":\"https:\\\/\\\/www.luzine-happel.de\\\/wp-content\\\/uploads\\\/2012\\\/07\\\/Katalog-Deistler-2003-438x417.jpg\",\"datePublished\":\"2012-07-20T09:53:47+00:00\",\"dateModified\":\"2018-03-18T12:35:21+00:00\",\"breadcrumb\":{\"@id\":\"https:\\\/\\\/www.luzine-happel.de\\\/?page_id=1030&lang=en#breadcrumb\"},\"inLanguage\":\"de\",\"potentialAction\":[{\"@type\":\"ReadAction\",\"target\":[\"https:\\\/\\\/www.luzine-happel.de\\\/?page_id=1030&lang=en\"]}]},{\"@type\":\"ImageObject\",\"inLanguage\":\"de\",\"@id\":\"https:\\\/\\\/www.luzine-happel.de\\\/?page_id=1030&lang=en#primaryimage\",\"url\":\"https:\\\/\\\/www.luzine-happel.de\\\/wp-content\\\/uploads\\\/2012\\\/07\\\/Katalog-Deistler-2003.jpg\",\"contentUrl\":\"https:\\\/\\\/www.luzine-happel.de\\\/wp-content\\\/uploads\\\/2012\\\/07\\\/Katalog-Deistler-2003.jpg\",\"width\":\"1240\",\"height\":\"1181\",\"caption\":\"Ausstellungskatalog 2003 Stickereien in unserer Zeit Gert und Maria Deistler Seite \u00f6ffnen\"},{\"@type\":\"BreadcrumbList\",\"@id\":\"https:\\\/\\\/www.luzine-happel.de\\\/?page_id=1030&lang=en#breadcrumb\",\"itemListElement\":[{\"@type\":\"ListItem\",\"position\":1,\"name\":\"Startseite\",\"item\":\"https:\\\/\\\/www.luzine-happel.de\\\/\"},{\"@type\":\"ListItem\",\"position\":2,\"name\":\"Library\",\"item\":\"https:\\\/\\\/www.luzine-happel.de\\\/?page_id=55&lang=en\"},{\"@type\":\"ListItem\",\"position\":3,\"name\":\"Exhibition Catalogue 2003 &#8211; Gert and Maria Deistler &#8211; Embroidery Today\"}]},{\"@type\":\"WebSite\",\"@id\":\"https:\\\/\\\/www.luzine-happel.de\\\/#website\",\"url\":\"https:\\\/\\\/www.luzine-happel.de\\\/\",\"name\":\"Luzine Happel\",\"description\":\"\",\"potentialAction\":[{\"@type\":\"SearchAction\",\"target\":{\"@type\":\"EntryPoint\",\"urlTemplate\":\"https:\\\/\\\/www.luzine-happel.de\\\/?s={search_term_string}\"},\"query-input\":{\"@type\":\"PropertyValueSpecification\",\"valueRequired\":true,\"valueName\":\"search_term_string\"}}],\"inLanguage\":\"de\"}]}<\/script>\n<!-- \/ Yoast SEO plugin. -->","yoast_head_json":{"title":"Ausstellungskatalog 2003 - Gert und Maria Deistler - Stickereien in unserer Zeit - Luzine Happel","robots":{"index":"index","follow":"follow","max-snippet":"max-snippet:-1","max-image-preview":"max-image-preview:large","max-video-preview":"max-video-preview:-1"},"canonical":"https:\/\/www.luzine-happel.de\/?page_id=1030&lang=en","og_locale":"de_DE","og_type":"article","og_title":"Ausstellungskatalog 2003 - Gert und Maria Deistler - Stickereien in unserer Zeit - Luzine Happel","og_url":"https:\/\/www.luzine-happel.de\/?page_id=1030&lang=en","og_site_name":"Luzine Happel","article_modified_time":"2018-03-18T12:35:21+00:00","og_image":[{"url":"https:\/\/www.luzine-happel.de\/wp-content\/uploads\/2012\/07\/Katalog-Deistler-2003-438x417.jpg","type":"","width":"","height":""}],"twitter_card":"summary_large_image","twitter_misc":{"Gesch\u00e4tzte Lesezeit":"1\u00a0Minute"},"schema":{"@context":"https:\/\/schema.org","@graph":[{"@type":"WebPage","@id":"https:\/\/www.luzine-happel.de\/?page_id=1030&lang=en","url":"https:\/\/www.luzine-happel.de\/?page_id=1030&lang=en","name":"Ausstellungskatalog 2003 - Gert und Maria Deistler - Stickereien in unserer Zeit - Luzine Happel","isPartOf":{"@id":"https:\/\/www.luzine-happel.de\/#website"},"primaryImageOfPage":{"@id":"https:\/\/www.luzine-happel.de\/?page_id=1030&lang=en#primaryimage"},"image":{"@id":"https:\/\/www.luzine-happel.de\/?page_id=1030&lang=en#primaryimage"},"thumbnailUrl":"https:\/\/www.luzine-happel.de\/wp-content\/uploads\/2012\/07\/Katalog-Deistler-2003-438x417.jpg","datePublished":"2012-07-20T09:53:47+00:00","dateModified":"2018-03-18T12:35:21+00:00","breadcrumb":{"@id":"https:\/\/www.luzine-happel.de\/?page_id=1030&lang=en#breadcrumb"},"inLanguage":"de","potentialAction":[{"@type":"ReadAction","target":["https:\/\/www.luzine-happel.de\/?page_id=1030&lang=en"]}]},{"@type":"ImageObject","inLanguage":"de","@id":"https:\/\/www.luzine-happel.de\/?page_id=1030&lang=en#primaryimage","url":"https:\/\/www.luzine-happel.de\/wp-content\/uploads\/2012\/07\/Katalog-Deistler-2003.jpg","contentUrl":"https:\/\/www.luzine-happel.de\/wp-content\/uploads\/2012\/07\/Katalog-Deistler-2003.jpg","width":"1240","height":"1181","caption":"Ausstellungskatalog 2003 Stickereien in unserer Zeit Gert und Maria Deistler Seite \u00f6ffnen"},{"@type":"BreadcrumbList","@id":"https:\/\/www.luzine-happel.de\/?page_id=1030&lang=en#breadcrumb","itemListElement":[{"@type":"ListItem","position":1,"name":"Startseite","item":"https:\/\/www.luzine-happel.de\/"},{"@type":"ListItem","position":2,"name":"Library","item":"https:\/\/www.luzine-happel.de\/?page_id=55&lang=en"},{"@type":"ListItem","position":3,"name":"Exhibition Catalogue 2003 &#8211; Gert and Maria Deistler &#8211; Embroidery Today"}]},{"@type":"WebSite","@id":"https:\/\/www.luzine-happel.de\/#website","url":"https:\/\/www.luzine-happel.de\/","name":"Luzine Happel","description":"","potentialAction":[{"@type":"SearchAction","target":{"@type":"EntryPoint","urlTemplate":"https:\/\/www.luzine-happel.de\/?s={search_term_string}"},"query-input":{"@type":"PropertyValueSpecification","valueRequired":true,"valueName":"search_term_string"}}],"inLanguage":"de"}]}},"_links":{"self":[{"href":"https:\/\/www.luzine-happel.de\/index.php?rest_route=\/wp\/v2\/pages\/1030","targetHints":{"allow":["GET"]}}],"collection":[{"href":"https:\/\/www.luzine-happel.de\/index.php?rest_route=\/wp\/v2\/pages"}],"about":[{"href":"https:\/\/www.luzine-happel.de\/index.php?rest_route=\/wp\/v2\/types\/page"}],"author":[{"embeddable":true,"href":"https:\/\/www.luzine-happel.de\/index.php?rest_route=\/wp\/v2\/users\/1"}],"replies":[{"embeddable":true,"href":"https:\/\/www.luzine-happel.de\/index.php?rest_route=%2Fwp%2Fv2%2Fcomments&post=1030"}],"version-history":[{"count":2,"href":"https:\/\/www.luzine-happel.de\/index.php?rest_route=\/wp\/v2\/pages\/1030\/revisions"}],"predecessor-version":[{"id":11269,"href":"https:\/\/www.luzine-happel.de\/index.php?rest_route=\/wp\/v2\/pages\/1030\/revisions\/11269"}],"up":[{"embeddable":true,"href":"https:\/\/www.luzine-happel.de\/index.php?rest_route=\/wp\/v2\/pages\/55"}],"wp:attachment":[{"href":"https:\/\/www.luzine-happel.de\/index.php?rest_route=%2Fwp%2Fv2%2Fmedia&parent=1030"}],"curies":[{"name":"wp","href":"https:\/\/api.w.org\/{rel}","templated":true}]}}

<div class='content-column one_half'><a href="https://www.luzine-happel.de/wp-content/uploads/2012/07/Katalog-Deistler-2003.jpg"><img loading="lazy" decoding="async" style="border:1px solid #000000;float:none;" class="alignleft lupenb" title="Ausstellungskatalog 2003 - Gert und Maria Deistler - Stickereien in unserer Zeit" src="https://www.luzine-happel.de/wp-content/uploads/2012/07/Katalog-Deistler-2003-438x417.jpg" alt="Ausstellungskatalog 2003 - Gert und Maria Deistler - Stickereien in unserer Zeit" width="438" height="417" /></a><center><strong>Ausstellungskatalog 2003</strong><br />
Gert und Maria Deistler<br />
<strong>Stickereien in unserer Zeit</strong></center><br /></div>
<div class='content-column one_half last_column'><strong>Ausstellungskatalog 2003 &#8211; Gert und Maria Deistler &#8211; Stickereien in unserer Zeit</strong><br />
Dokumentation der Ausstellung im August 2003 in Freren</p>
<ul>
<li>49 Seite; schwarz-weiß</li>
<li>mit guten, oft ganzseitigen Fotos der Ausstellungsstücke</li>
<li>Text: deutsch</li>
</ul>
<p>Gezeigt werden hauptsächlich Schwälmer Weißstickereien und viele üppige Randgestaltungen, aber auch einige Stücke, die in Hedebo-, Richelieu- und Ajourtechnik gefertigt wurden.<br /></div><div class='clear_column'></div>

<!-- This site is optimized with the Yoast SEO plugin v27.5 - https://yoast.com/product/yoast-seo-wordpress/ -->
<title>Ausstellungskatalog 2003 - Gert und Maria Deistler - Stickereien in unserer Zeit - Luzine Happel</title>
<meta name="robots" content="index, follow, max-snippet:-1, max-image-preview:large, max-video-preview:-1" />
<link rel="canonical" href="https://www.luzine-happel.de/?page_id=1030&lang=en" />
<meta property="og:locale" content="de_DE" />
<meta property="og:type" content="article" />
<meta property="og:title" content="Ausstellungskatalog 2003 - Gert und Maria Deistler - Stickereien in unserer Zeit - Luzine Happel" />
<meta property="og:url" content="https://www.luzine-happel.de/?page_id=1030&amp;lang=en" />
<meta property="og:site_name" content="Luzine Happel" />
<meta property="article:modified_time" content="2018-03-18T12:35:21+00:00" />
<meta property="og:image" content="https://www.luzine-happel.de/wp-content/uploads/2012/07/Katalog-Deistler-2003-438x417.jpg" />
<meta name="twitter:card" content="summary_large_image" />
<meta name="twitter:label1" content="Geschätzte Lesezeit" />
	<meta name="twitter:data1" content="1 Minute" />
<script type="application/ld+json" class="yoast-schema-graph">{"@context":"https:\/\/schema.org","@graph":[{"@type":"WebPage","@id":"https:\/\/www.luzine-happel.de\/?page_id=1030&lang=en","url":"https:\/\/www.luzine-happel.de\/?page_id=1030&lang=en","name":"Ausstellungskatalog 2003 - Gert und Maria Deistler - Stickereien in unserer Zeit - Luzine Happel","isPartOf":{"@id":"https:\/\/www.luzine-happel.de\/#website"},"primaryImageOfPage":{"@id":"https:\/\/www.luzine-happel.de\/?page_id=1030&lang=en#primaryimage"},"image":{"@id":"https:\/\/www.luzine-happel.de\/?page_id=1030&lang=en#primaryimage"},"thumbnailUrl":"https:\/\/www.luzine-happel.de\/wp-content\/uploads\/2012\/07\/Katalog-Deistler-2003-438x417.jpg","datePublished":"2012-07-20T09:53:47+00:00","dateModified":"2018-03-18T12:35:21+00:00","breadcrumb":{"@id":"https:\/\/www.luzine-happel.de\/?page_id=1030&lang=en#breadcrumb"},"inLanguage":"de","potentialAction":[{"@type":"ReadAction","target":["https:\/\/www.luzine-happel.de\/?page_id=1030&lang=en"]}]},{"@type":"ImageObject","inLanguage":"de","@id":"https:\/\/www.luzine-happel.de\/?page_id=1030&lang=en#primaryimage","url":"https:\/\/www.luzine-happel.de\/wp-content\/uploads\/2012\/07\/Katalog-Deistler-2003.jpg","contentUrl":"https:\/\/www.luzine-happel.de\/wp-content\/uploads\/2012\/07\/Katalog-Deistler-2003.jpg","width":"1240","height":"1181","caption":"Ausstellungskatalog 2003 Stickereien in unserer Zeit Gert und Maria Deistler Seite öffnen"},{"@type":"BreadcrumbList","@id":"https:\/\/www.luzine-happel.de\/?page_id=1030&lang=en#breadcrumb","itemListElement":[{"@type":"ListItem","position":1,"name":"Startseite","item":"https:\/\/www.luzine-happel.de\/"},{"@type":"ListItem","position":2,"name":"Library","item":"https:\/\/www.luzine-happel.de\/?page_id=55&lang=en"},{"@type":"ListItem","position":3,"name":"Exhibition Catalogue 2003 &#8211; Gert and Maria Deistler &#8211; Embroidery Today"}]},{"@type":"WebSite","@id":"https:\/\/www.luzine-happel.de\/#website","url":"https:\/\/www.luzine-happel.de\/","name":"Luzine Happel","description":"","potentialAction":[{"@type":"SearchAction","target":{"@type":"EntryPoint","urlTemplate":"https:\/\/www.luzine-happel.de\/?s={search_term_string}"},"query-input":{"@type":"PropertyValueSpecification","valueRequired":true,"valueName":"search_term_string"}}],"inLanguage":"de"}]}</script>
<!-- / Yoast SEO plugin. -->

Ausstellungskatalog 2003 Stickereien in unserer Zeit Gert und Maria Deistler Seite öffnen
