{"id":2669,"date":"2013-03-16T16:37:46","date_gmt":"2013-03-16T14:37:46","guid":{"rendered":"https:\/\/www.luzine-happel.de\/?page_id=2669"},"modified":"2023-03-27T21:58:12","modified_gmt":"2023-03-27T19:58:12","slug":"24-kleine-konturenmuster","status":"publish","type":"page","link":"https:\/\/www.luzine-happel.de\/?page_id=2669","title":{"rendered":"24 kleine Konturenmuster"},"content":{"rendered":"<p><\/p>\n<div class=\"product-description\" data-name=\"24 kleine Konturenmuster - download\" data-price=\"2,50\">\n<h3 class=\"product-name\">24 kleine Konturenmuster &#8211; download<\/h3>\n<div class=\"produktbeschreibung\">\n<p>geeignet zum Besticken von Ostereiern in H\u00fchnereigr\u00f6\u00dfe<\/p>\n<ul>\n<li>24 kleine Konturenmuster 4 x 5 cm<\/li>\n<li>2 Seiten<\/li>\n<li>Text: Deutsch<\/li>\n<\/ul>\n<p>Weitergehende Informationen finden Sie <a href=\"http:\/\/www.luzine-happel.de\/?p=2611\">hier<\/a>.&#8220;<\/p>\n<\/div>\n<p class=\"produktpreis\">2,50 \u20ac <\/p>\n<p class=\"produktzusatz\">Ohne Steuerausweis gem\u00e4\u00df Kleinunternehmerregelung \u00a7 19 UStG<\/p>\n<p><button class=\"btn btn-danger my-cart-btn luzinebutton\" data-id=\"038\" data-name=\"038 | 24 kleine Konturenmuster - download\" data-summary=\"038 | 24 kleine Konturenmuster - download\" data-price=\"2,50\" data-quantity=\"1\" data-image=\"https:\/\/www.luzine-happel.de\/wp-content\/uploads\/formidable\/21\/038-24_kleine_Konturenmuster-198x280.jpg\" data-tax=\"7\">In den Warenkorb<\/button><\/p>\n<\/div>\n<p><\/p>\n\n<div style=\"max-width: 580px;\">\n<div class=\"slick-slider-wrapper\">\n<div class=\"slick-slider slick-slider--size-large\" id=\"slick-slider-1\" >\n<div class=\"slide\" data-attachment-id=\"2947\">\n<div class=\"slide__inner\">\n<a href='https:\/\/www.luzine-happel.de\/?attachment_id=2947'><img width=\"391\" height=\"553\" class=\"attachment-large size-large\" alt=\"\" data-sizes=\"(max-width: 391px) 100vw, 391px\" data-lazy=\"https:\/\/www.luzine-happel.de\/wp-content\/uploads\/2013\/03\/24_kleine_Konturenmuster_01.jpg\" data-srcset=\"https:\/\/www.luzine-happel.de\/wp-content\/uploads\/2013\/03\/24_kleine_Konturenmuster_01.jpg 391w, https:\/\/www.luzine-happel.de\/wp-content\/uploads\/2013\/03\/24_kleine_Konturenmuster_01-106x150.jpg 106w, https:\/\/www.luzine-happel.de\/wp-content\/uploads\/2013\/03\/24_kleine_Konturenmuster_01-197x280.jpg 197w, https:\/\/www.luzine-happel.de\/wp-content\/uploads\/2013\/03\/24_kleine_Konturenmuster_01-200x282.jpg 200w, https:\/\/www.luzine-happel.de\/wp-content\/uploads\/2013\/03\/24_kleine_Konturenmuster_01-280x396.jpg 280w\" \/><\/a>\n<\/div>\n<\/div>\n<div class=\"slide\" data-attachment-id=\"2948\">\n<div class=\"slide__inner\">\n<a href='https:\/\/www.luzine-happel.de\/?attachment_id=2948'><img width=\"391\" height=\"553\" class=\"attachment-large size-large\" alt=\"\" data-sizes=\"(max-width: 391px) 100vw, 391px\" data-lazy=\"https:\/\/www.luzine-happel.de\/wp-content\/uploads\/2013\/03\/24_kleine_Konturenmuster_02.jpg\" data-srcset=\"https:\/\/www.luzine-happel.de\/wp-content\/uploads\/2013\/03\/24_kleine_Konturenmuster_02.jpg 391w, https:\/\/www.luzine-happel.de\/wp-content\/uploads\/2013\/03\/24_kleine_Konturenmuster_02-106x150.jpg 106w, https:\/\/www.luzine-happel.de\/wp-content\/uploads\/2013\/03\/24_kleine_Konturenmuster_02-197x280.jpg 197w, https:\/\/www.luzine-happel.de\/wp-content\/uploads\/2013\/03\/24_kleine_Konturenmuster_02-200x282.jpg 200w, https:\/\/www.luzine-happel.de\/wp-content\/uploads\/2013\/03\/24_kleine_Konturenmuster_02-280x396.jpg 280w\" \/><\/a>\n<\/div>\n<\/div>\n<\/div>\n<\/div>\n<\/div>","protected":false},"excerpt":{"rendered":"","protected":false},"author":1,"featured_media":0,"parent":57,"menu_order":0,"comment_status":"open","ping_status":"open","template":"page-FullWidth.php","meta":{"inline_featured_image":false,"footnotes":""},"yoast_head":"<!-- This site is optimized with the Yoast SEO plugin v24.5 - https:\/\/yoast.com\/wordpress\/plugins\/seo\/ -->\n<title>24 kleine Konturenmuster - Luzine Happel<\/title>\n<meta name=\"robots\" content=\"index, follow, max-snippet:-1, max-image-preview:large, max-video-preview:-1\" \/>\n<link rel=\"canonical\" href=\"https:\/\/www.luzine-happel.de\/?page_id=2669\" \/>\n<meta property=\"og:locale\" content=\"de_DE\" \/>\n<meta property=\"og:type\" content=\"article\" \/>\n<meta property=\"og:title\" content=\"24 kleine Konturenmuster - Luzine Happel\" \/>\n<meta property=\"og:url\" content=\"https:\/\/www.luzine-happel.de\/?page_id=2669\" \/>\n<meta property=\"og:site_name\" content=\"Luzine Happel\" \/>\n<meta property=\"article:modified_time\" content=\"2023-03-27T19:58:12+00:00\" \/>\n<meta property=\"og:image\" content=\"https:\/\/www.luzine-happel.de\/wp-content\/uploads\/2013\/03\/24_kleine_Konturenmuster_01.jpg\" \/>\n<meta name=\"twitter:card\" content=\"summary_large_image\" \/>\n<meta name=\"twitter:label1\" content=\"Gesch\u00e4tzte Lesezeit\" \/>\n\t<meta name=\"twitter:data1\" content=\"1\u00a0Minute\" \/>\n<script type=\"application\/ld+json\" class=\"yoast-schema-graph\">{\"@context\":\"https:\/\/schema.org\",\"@graph\":[{\"@type\":\"WebPage\",\"@id\":\"https:\/\/www.luzine-happel.de\/?page_id=2669\",\"url\":\"https:\/\/www.luzine-happel.de\/?page_id=2669\",\"name\":\"24 kleine Konturenmuster - Luzine Happel\",\"isPartOf\":{\"@id\":\"https:\/\/www.luzine-happel.de\/#website\"},\"datePublished\":\"2013-03-16T14:37:46+00:00\",\"dateModified\":\"2023-03-27T19:58:12+00:00\",\"breadcrumb\":{\"@id\":\"https:\/\/www.luzine-happel.de\/?page_id=2669#breadcrumb\"},\"inLanguage\":\"de\",\"potentialAction\":[{\"@type\":\"ReadAction\",\"target\":[\"https:\/\/www.luzine-happel.de\/?page_id=2669\"]}]},{\"@type\":\"BreadcrumbList\",\"@id\":\"https:\/\/www.luzine-happel.de\/?page_id=2669#breadcrumb\",\"itemListElement\":[{\"@type\":\"ListItem\",\"position\":1,\"name\":\"Startseite\",\"item\":\"https:\/\/www.luzine-happel.de\/\"},{\"@type\":\"ListItem\",\"position\":2,\"name\":\"Shop\",\"item\":\"https:\/\/www.luzine-happel.de\/?page_id=57&lang=en\"},{\"@type\":\"ListItem\",\"position\":3,\"name\":\"24 kleine Konturenmuster\"}]},{\"@type\":\"WebSite\",\"@id\":\"https:\/\/www.luzine-happel.de\/#website\",\"url\":\"https:\/\/www.luzine-happel.de\/\",\"name\":\"Luzine Happel\",\"description\":\"\",\"potentialAction\":[{\"@type\":\"SearchAction\",\"target\":{\"@type\":\"EntryPoint\",\"urlTemplate\":\"https:\/\/www.luzine-happel.de\/?s={search_term_string}\"},\"query-input\":{\"@type\":\"PropertyValueSpecification\",\"valueRequired\":true,\"valueName\":\"search_term_string\"}}],\"inLanguage\":\"de\"}]}<\/script>\n<!-- \/ Yoast SEO plugin. -->","yoast_head_json":{"title":"24 kleine Konturenmuster - Luzine Happel","robots":{"index":"index","follow":"follow","max-snippet":"max-snippet:-1","max-image-preview":"max-image-preview:large","max-video-preview":"max-video-preview:-1"},"canonical":"https:\/\/www.luzine-happel.de\/?page_id=2669","og_locale":"de_DE","og_type":"article","og_title":"24 kleine Konturenmuster - Luzine Happel","og_url":"https:\/\/www.luzine-happel.de\/?page_id=2669","og_site_name":"Luzine Happel","article_modified_time":"2023-03-27T19:58:12+00:00","og_image":[{"url":"https:\/\/www.luzine-happel.de\/wp-content\/uploads\/2013\/03\/24_kleine_Konturenmuster_01.jpg","type":"","width":"","height":""}],"twitter_card":"summary_large_image","twitter_misc":{"Gesch\u00e4tzte Lesezeit":"1\u00a0Minute"},"schema":{"@context":"https:\/\/schema.org","@graph":[{"@type":"WebPage","@id":"https:\/\/www.luzine-happel.de\/?page_id=2669","url":"https:\/\/www.luzine-happel.de\/?page_id=2669","name":"24 kleine Konturenmuster - Luzine Happel","isPartOf":{"@id":"https:\/\/www.luzine-happel.de\/#website"},"datePublished":"2013-03-16T14:37:46+00:00","dateModified":"2023-03-27T19:58:12+00:00","breadcrumb":{"@id":"https:\/\/www.luzine-happel.de\/?page_id=2669#breadcrumb"},"inLanguage":"de","potentialAction":[{"@type":"ReadAction","target":["https:\/\/www.luzine-happel.de\/?page_id=2669"]}]},{"@type":"BreadcrumbList","@id":"https:\/\/www.luzine-happel.de\/?page_id=2669#breadcrumb","itemListElement":[{"@type":"ListItem","position":1,"name":"Startseite","item":"https:\/\/www.luzine-happel.de\/"},{"@type":"ListItem","position":2,"name":"Shop","item":"https:\/\/www.luzine-happel.de\/?page_id=57&lang=en"},{"@type":"ListItem","position":3,"name":"24 kleine Konturenmuster"}]},{"@type":"WebSite","@id":"https:\/\/www.luzine-happel.de\/#website","url":"https:\/\/www.luzine-happel.de\/","name":"Luzine Happel","description":"","potentialAction":[{"@type":"SearchAction","target":{"@type":"EntryPoint","urlTemplate":"https:\/\/www.luzine-happel.de\/?s={search_term_string}"},"query-input":{"@type":"PropertyValueSpecification","valueRequired":true,"valueName":"search_term_string"}}],"inLanguage":"de"}]}},"_links":{"self":[{"href":"https:\/\/www.luzine-happel.de\/index.php?rest_route=\/wp\/v2\/pages\/2669"}],"collection":[{"href":"https:\/\/www.luzine-happel.de\/index.php?rest_route=\/wp\/v2\/pages"}],"about":[{"href":"https:\/\/www.luzine-happel.de\/index.php?rest_route=\/wp\/v2\/types\/page"}],"author":[{"embeddable":true,"href":"https:\/\/www.luzine-happel.de\/index.php?rest_route=\/wp\/v2\/users\/1"}],"replies":[{"embeddable":true,"href":"https:\/\/www.luzine-happel.de\/index.php?rest_route=%2Fwp%2Fv2%2Fcomments&post=2669"}],"version-history":[{"count":4,"href":"https:\/\/www.luzine-happel.de\/index.php?rest_route=\/wp\/v2\/pages\/2669\/revisions"}],"predecessor-version":[{"id":22158,"href":"https:\/\/www.luzine-happel.de\/index.php?rest_route=\/wp\/v2\/pages\/2669\/revisions\/22158"}],"up":[{"embeddable":true,"href":"https:\/\/www.luzine-happel.de\/index.php?rest_route=\/wp\/v2\/pages\/57"}],"wp:attachment":[{"href":"https:\/\/www.luzine-happel.de\/index.php?rest_route=%2Fwp%2Fv2%2Fmedia&parent=2669"}],"curies":[{"name":"wp","href":"https:\/\/api.w.org\/{rel}","templated":true}]}}