{"id":366,"date":"2012-07-05T10:02:00","date_gmt":"2012-07-05T08:02:00","guid":{"rendered":"https:\/\/www.luzine-happel.de\/?page_id=366"},"modified":"2019-02-25T22:28:20","modified_gmt":"2019-02-25T20:28:20","slug":"fancy-hems","status":"publish","type":"page","link":"https:\/\/www.luzine-happel.de\/?page_id=366","title":{"rendered":"Fancy Hems"},"content":{"rendered":"<p><\/p>\n<div class=\"product-description\" data-name=\"Fancy Hems\" data-price=\"29,90\">\n<h3 class=\"product-name\">Fancy Hems<\/h3>\n<div class=\"produktbeschreibung\">\n<ul>\n<li>englische Ausgabe von \u201eRandabschl\u00fcsse\u201c<\/li>\n<li>88 Seiten DIN A 4<\/li>\n<li>geheftet<\/li>\n<li>durchgehend farbig<\/li>\n<li>mehr als 360 Abblidungen<\/li>\n<li>Text: englisch<\/li>\n<\/ul>\n<p>englische Ausgabe von \u201eRandabschl\u00fcsse\u201c Hohlnaht, K\u00e4stchenhohlsaum, Erbsl\u00f6cher, doppeltes Erbsloch, M\u00fcckenstiche, Waffelstiche, Hexenstiche, Wickelstiche, Stopfhohls\u00e4ume, Limet-Muster-S\u00e4ume, Randabschl\u00fcsse aus lichten Mustern; sowohl einzeln als auch in vielen Kombinationen und mit den verschiedensten Eckl\u00f6sungen, alles in bekannter Qualit\u00e4t und bebilderter Schritt-f\u00fcr-Schritt-Anleitung Weitergehende Informationen finden Sie in der \u201e<a href=\"http:\/\/www.luzine-happel.de\/?page_id=860\">Bibliothek<\/a>\u201c.&#8220;<\/p>\n<\/div>\n<p class=\"produktpreis\">29,90 \u20ac <\/p>\n<p class=\"produktzusatz\">(zzgl. <a href=\"https:\/\/www.luzine-happel.de\/?page_id=13\">Versandkosten<\/a>)<br \/>Ohne Steuerausweis gem\u00e4\u00df Kleinunternehmerregelung \u00a7 19 UStG<\/p>\n<p><button class=\"btn btn-danger my-cart-btn luzinebutton\" data-id=\"007\" data-name=\"007 | Fancy Hems\" data-summary=\"007 | Fancy Hems\" data-price=\"29,90\" data-quantity=\"1\" data-image=\"https:\/\/www.luzine-happel.de\/wp-content\/uploads\/formidable\/21\/007-Fancy_Hems_01-198x280.jpg\" data-tax=\"7\">In den Warenkorb<\/button><\/p>\n<\/div>\n<p><\/p>\n<div class=\"gallery-buddy\" style=\"width: 610px\"><div class=\"gallery-buddy-slide\"><div class=\"gallery-buddy-img\"><img loading=\"lazy\" decoding=\"async\" width=\"516\" height=\"730\" src=\"https:\/\/www.luzine-happel.de\/wp-content\/uploads\/2012\/07\/Fancy_Hems_01.jpg\" class=\"attachment-610x730 size-610x730\" alt=\"Fancy Hems 1 \/ 11\" srcset=\"https:\/\/www.luzine-happel.de\/wp-content\/uploads\/2012\/07\/Fancy_Hems_01.jpg 1240w, https:\/\/www.luzine-happel.de\/wp-content\/uploads\/2012\/07\/Fancy_Hems_01-197x280.jpg 197w, https:\/\/www.luzine-happel.de\/wp-content\/uploads\/2012\/07\/Fancy_Hems_01-723x1024.jpg 723w\" sizes=\"auto, (max-width: 516px) 100vw, 516px\" \/><div class=\"gallery-buddy-prev\"><span class=\"gallery-buddy-btn\">\u2039<\/span><\/div><div class=\"gallery-buddy-next\"><span class=\"gallery-buddy-btn\">\u203a<\/span><\/div><\/div><p>Fancy Hems 1 \/ 11<\/p><\/div><div class=\"gallery-buddy-slide\"><div class=\"gallery-buddy-img\"><img loading=\"lazy\" decoding=\"async\" width=\"516\" height=\"730\" src=\"https:\/\/www.luzine-happel.de\/wp-content\/uploads\/2012\/07\/Fancy_Hems_02.jpg\" class=\"attachment-610x730 size-610x730\" alt=\"Fancy Hems 2 \/ 11\" srcset=\"https:\/\/www.luzine-happel.de\/wp-content\/uploads\/2012\/07\/Fancy_Hems_02.jpg 1240w, https:\/\/www.luzine-happel.de\/wp-content\/uploads\/2012\/07\/Fancy_Hems_02-197x280.jpg 197w, https:\/\/www.luzine-happel.de\/wp-content\/uploads\/2012\/07\/Fancy_Hems_02-723x1024.jpg 723w\" sizes=\"auto, (max-width: 516px) 100vw, 516px\" \/><div class=\"gallery-buddy-prev\"><span class=\"gallery-buddy-btn\">\u2039<\/span><\/div><div class=\"gallery-buddy-next\"><span class=\"gallery-buddy-btn\">\u203a<\/span><\/div><\/div><p>Fancy Hems 2 \/ 11<\/p><\/div><div class=\"gallery-buddy-slide\"><div class=\"gallery-buddy-img\"><img loading=\"lazy\" decoding=\"async\" width=\"516\" height=\"730\" src=\"https:\/\/www.luzine-happel.de\/wp-content\/uploads\/2012\/07\/Fancy_Hems_03.jpg\" class=\"attachment-610x730 size-610x730\" alt=\"Fancy Hems 3 \/ 11\" srcset=\"https:\/\/www.luzine-happel.de\/wp-content\/uploads\/2012\/07\/Fancy_Hems_03.jpg 1240w, https:\/\/www.luzine-happel.de\/wp-content\/uploads\/2012\/07\/Fancy_Hems_03-197x280.jpg 197w, https:\/\/www.luzine-happel.de\/wp-content\/uploads\/2012\/07\/Fancy_Hems_03-723x1024.jpg 723w\" sizes=\"auto, (max-width: 516px) 100vw, 516px\" \/><div class=\"gallery-buddy-prev\"><span class=\"gallery-buddy-btn\">\u2039<\/span><\/div><div class=\"gallery-buddy-next\"><span class=\"gallery-buddy-btn\">\u203a<\/span><\/div><\/div><p>Fancy Hems 3 \/ 11<\/p><\/div><div class=\"gallery-buddy-slide\"><div class=\"gallery-buddy-img\"><img loading=\"lazy\" decoding=\"async\" width=\"516\" height=\"730\" src=\"https:\/\/www.luzine-happel.de\/wp-content\/uploads\/2012\/07\/Fancy_Hems_04.jpg\" class=\"attachment-610x730 size-610x730\" alt=\"Fancy Hems 4 \/ 11\" srcset=\"https:\/\/www.luzine-happel.de\/wp-content\/uploads\/2012\/07\/Fancy_Hems_04.jpg 1240w, https:\/\/www.luzine-happel.de\/wp-content\/uploads\/2012\/07\/Fancy_Hems_04-197x280.jpg 197w, https:\/\/www.luzine-happel.de\/wp-content\/uploads\/2012\/07\/Fancy_Hems_04-723x1024.jpg 723w\" sizes=\"auto, (max-width: 516px) 100vw, 516px\" \/><div class=\"gallery-buddy-prev\"><span class=\"gallery-buddy-btn\">\u2039<\/span><\/div><div class=\"gallery-buddy-next\"><span class=\"gallery-buddy-btn\">\u203a<\/span><\/div><\/div><p>Fancy Hems 4 \/ 11<\/p><\/div><div class=\"gallery-buddy-slide\"><div class=\"gallery-buddy-img\"><img loading=\"lazy\" decoding=\"async\" width=\"516\" height=\"730\" src=\"https:\/\/www.luzine-happel.de\/wp-content\/uploads\/2012\/07\/Fancy_Hems_05.jpg\" class=\"attachment-610x730 size-610x730\" alt=\"Fancy Hems 5 \/ 11\" srcset=\"https:\/\/www.luzine-happel.de\/wp-content\/uploads\/2012\/07\/Fancy_Hems_05.jpg 1240w, https:\/\/www.luzine-happel.de\/wp-content\/uploads\/2012\/07\/Fancy_Hems_05-197x280.jpg 197w, https:\/\/www.luzine-happel.de\/wp-content\/uploads\/2012\/07\/Fancy_Hems_05-723x1024.jpg 723w\" sizes=\"auto, (max-width: 516px) 100vw, 516px\" \/><div class=\"gallery-buddy-prev\"><span class=\"gallery-buddy-btn\">\u2039<\/span><\/div><div class=\"gallery-buddy-next\"><span class=\"gallery-buddy-btn\">\u203a<\/span><\/div><\/div><p>Fancy Hems 5 \/ 11<\/p><\/div><div class=\"gallery-buddy-slide\"><div class=\"gallery-buddy-img\"><img loading=\"lazy\" decoding=\"async\" width=\"516\" height=\"730\" src=\"https:\/\/www.luzine-happel.de\/wp-content\/uploads\/2012\/07\/Fancy_Hems_06.jpg\" class=\"attachment-610x730 size-610x730\" alt=\"Fancy Hems 6 \/ 11\" srcset=\"https:\/\/www.luzine-happel.de\/wp-content\/uploads\/2012\/07\/Fancy_Hems_06.jpg 1240w, https:\/\/www.luzine-happel.de\/wp-content\/uploads\/2012\/07\/Fancy_Hems_06-197x280.jpg 197w, https:\/\/www.luzine-happel.de\/wp-content\/uploads\/2012\/07\/Fancy_Hems_06-723x1024.jpg 723w\" sizes=\"auto, (max-width: 516px) 100vw, 516px\" \/><div class=\"gallery-buddy-prev\"><span class=\"gallery-buddy-btn\">\u2039<\/span><\/div><div class=\"gallery-buddy-next\"><span class=\"gallery-buddy-btn\">\u203a<\/span><\/div><\/div><p>Fancy Hems 6 \/ 11<\/p><\/div><div class=\"gallery-buddy-slide\"><div class=\"gallery-buddy-img\"><img loading=\"lazy\" decoding=\"async\" width=\"516\" height=\"730\" src=\"https:\/\/www.luzine-happel.de\/wp-content\/uploads\/2012\/07\/Fancy_Hems_07.jpg\" class=\"attachment-610x730 size-610x730\" alt=\"Fancy Hems 7 \/ 11\" srcset=\"https:\/\/www.luzine-happel.de\/wp-content\/uploads\/2012\/07\/Fancy_Hems_07.jpg 1240w, https:\/\/www.luzine-happel.de\/wp-content\/uploads\/2012\/07\/Fancy_Hems_07-197x280.jpg 197w, https:\/\/www.luzine-happel.de\/wp-content\/uploads\/2012\/07\/Fancy_Hems_07-723x1024.jpg 723w\" sizes=\"auto, (max-width: 516px) 100vw, 516px\" \/><div class=\"gallery-buddy-prev\"><span class=\"gallery-buddy-btn\">\u2039<\/span><\/div><div class=\"gallery-buddy-next\"><span class=\"gallery-buddy-btn\">\u203a<\/span><\/div><\/div><p>Fancy Hems 7 \/ 11<\/p><\/div><div class=\"gallery-buddy-slide\"><div class=\"gallery-buddy-img\"><img loading=\"lazy\" decoding=\"async\" width=\"516\" height=\"730\" src=\"https:\/\/www.luzine-happel.de\/wp-content\/uploads\/2012\/07\/Fancy_Hems_08.jpg\" class=\"attachment-610x730 size-610x730\" alt=\"Fancy Hems 8 \/ 11\" srcset=\"https:\/\/www.luzine-happel.de\/wp-content\/uploads\/2012\/07\/Fancy_Hems_08.jpg 1240w, https:\/\/www.luzine-happel.de\/wp-content\/uploads\/2012\/07\/Fancy_Hems_08-197x280.jpg 197w, https:\/\/www.luzine-happel.de\/wp-content\/uploads\/2012\/07\/Fancy_Hems_08-723x1024.jpg 723w\" sizes=\"auto, (max-width: 516px) 100vw, 516px\" \/><div class=\"gallery-buddy-prev\"><span class=\"gallery-buddy-btn\">\u2039<\/span><\/div><div class=\"gallery-buddy-next\"><span class=\"gallery-buddy-btn\">\u203a<\/span><\/div><\/div><p>Fancy Hems 8 \/ 11<\/p><\/div><div class=\"gallery-buddy-slide\"><div class=\"gallery-buddy-img\"><img loading=\"lazy\" decoding=\"async\" width=\"516\" height=\"730\" src=\"https:\/\/www.luzine-happel.de\/wp-content\/uploads\/2012\/07\/Fancy_Hems_09.jpg\" class=\"attachment-610x730 size-610x730\" alt=\"Fancy Hems 9 \/ 11\" srcset=\"https:\/\/www.luzine-happel.de\/wp-content\/uploads\/2012\/07\/Fancy_Hems_09.jpg 1240w, https:\/\/www.luzine-happel.de\/wp-content\/uploads\/2012\/07\/Fancy_Hems_09-197x280.jpg 197w, https:\/\/www.luzine-happel.de\/wp-content\/uploads\/2012\/07\/Fancy_Hems_09-723x1024.jpg 723w\" sizes=\"auto, (max-width: 516px) 100vw, 516px\" \/><div class=\"gallery-buddy-prev\"><span class=\"gallery-buddy-btn\">\u2039<\/span><\/div><div class=\"gallery-buddy-next\"><span class=\"gallery-buddy-btn\">\u203a<\/span><\/div><\/div><p>Fancy Hems 9 \/ 11<\/p><\/div><div class=\"gallery-buddy-slide\"><div class=\"gallery-buddy-img\"><img loading=\"lazy\" decoding=\"async\" width=\"516\" height=\"730\" src=\"https:\/\/www.luzine-happel.de\/wp-content\/uploads\/2012\/07\/Fancy_Hems_10.jpg\" class=\"attachment-610x730 size-610x730\" alt=\"Fancy Hems 10 \/ 11\" srcset=\"https:\/\/www.luzine-happel.de\/wp-content\/uploads\/2012\/07\/Fancy_Hems_10.jpg 1240w, https:\/\/www.luzine-happel.de\/wp-content\/uploads\/2012\/07\/Fancy_Hems_10-197x280.jpg 197w, https:\/\/www.luzine-happel.de\/wp-content\/uploads\/2012\/07\/Fancy_Hems_10-723x1024.jpg 723w\" sizes=\"auto, (max-width: 516px) 100vw, 516px\" \/><div class=\"gallery-buddy-prev\"><span class=\"gallery-buddy-btn\">\u2039<\/span><\/div><div class=\"gallery-buddy-next\"><span class=\"gallery-buddy-btn\">\u203a<\/span><\/div><\/div><p>Fancy Hems 10 \/ 11<\/p><\/div><div class=\"gallery-buddy-slide\"><div class=\"gallery-buddy-img\"><img loading=\"lazy\" decoding=\"async\" width=\"516\" height=\"730\" src=\"https:\/\/www.luzine-happel.de\/wp-content\/uploads\/2012\/07\/Fancy_Hems_11.jpg\" class=\"attachment-610x730 size-610x730\" alt=\"Fancy Hems 11 \/ 11\" srcset=\"https:\/\/www.luzine-happel.de\/wp-content\/uploads\/2012\/07\/Fancy_Hems_11.jpg 1240w, https:\/\/www.luzine-happel.de\/wp-content\/uploads\/2012\/07\/Fancy_Hems_11-197x280.jpg 197w, https:\/\/www.luzine-happel.de\/wp-content\/uploads\/2012\/07\/Fancy_Hems_11-723x1024.jpg 723w\" sizes=\"auto, (max-width: 516px) 100vw, 516px\" \/><div class=\"gallery-buddy-prev\"><span class=\"gallery-buddy-btn\">\u2039<\/span><\/div><div class=\"gallery-buddy-next\"><span class=\"gallery-buddy-btn\">\u203a<\/span><\/div><\/div><p>Fancy Hems 11 \/ 11<\/p><\/div><\/div>","protected":false},"excerpt":{"rendered":"","protected":false},"author":1,"featured_media":0,"parent":57,"menu_order":0,"comment_status":"open","ping_status":"open","template":"page-FullWidth.php","meta":{"inline_featured_image":false,"footnotes":""},"class_list":["post-366","page","type-page","status-publish","hentry","wpautop"],"yoast_head":"<!-- This site is optimized with the Yoast SEO plugin v27.4 - https:\/\/yoast.com\/product\/yoast-seo-wordpress\/ -->\n<title>Fancy Hems - Luzine Happel<\/title>\n<meta name=\"robots\" content=\"index, follow, max-snippet:-1, max-image-preview:large, max-video-preview:-1\" \/>\n<link rel=\"canonical\" href=\"https:\/\/www.luzine-happel.de\/?page_id=366&lang=en\" \/>\n<meta property=\"og:locale\" content=\"de_DE\" \/>\n<meta property=\"og:type\" content=\"article\" \/>\n<meta property=\"og:title\" content=\"Fancy Hems - Luzine Happel\" \/>\n<meta property=\"og:url\" content=\"https:\/\/www.luzine-happel.de\/?page_id=366&amp;lang=en\" \/>\n<meta property=\"og:site_name\" content=\"Luzine Happel\" \/>\n<meta property=\"article:modified_time\" content=\"2019-02-25T20:28:20+00:00\" \/>\n<meta name=\"twitter:card\" content=\"summary_large_image\" \/>\n<script type=\"application\/ld+json\" class=\"yoast-schema-graph\">{\"@context\":\"https:\\\/\\\/schema.org\",\"@graph\":[{\"@type\":\"WebPage\",\"@id\":\"https:\\\/\\\/www.luzine-happel.de\\\/?page_id=366&lang=en\",\"url\":\"https:\\\/\\\/www.luzine-happel.de\\\/?page_id=366&lang=en\",\"name\":\"Fancy Hems - Luzine Happel\",\"isPartOf\":{\"@id\":\"https:\\\/\\\/www.luzine-happel.de\\\/#website\"},\"datePublished\":\"2012-07-05T08:02:00+00:00\",\"dateModified\":\"2019-02-25T20:28:20+00:00\",\"breadcrumb\":{\"@id\":\"https:\\\/\\\/www.luzine-happel.de\\\/?page_id=366&lang=en#breadcrumb\"},\"inLanguage\":\"de\",\"potentialAction\":[{\"@type\":\"ReadAction\",\"target\":[\"https:\\\/\\\/www.luzine-happel.de\\\/?page_id=366&lang=en\"]}]},{\"@type\":\"BreadcrumbList\",\"@id\":\"https:\\\/\\\/www.luzine-happel.de\\\/?page_id=366&lang=en#breadcrumb\",\"itemListElement\":[{\"@type\":\"ListItem\",\"position\":1,\"name\":\"Startseite\",\"item\":\"https:\\\/\\\/www.luzine-happel.de\\\/\"},{\"@type\":\"ListItem\",\"position\":2,\"name\":\"Shop\",\"item\":\"https:\\\/\\\/www.luzine-happel.de\\\/?page_id=57&lang=en\"},{\"@type\":\"ListItem\",\"position\":3,\"name\":\"Fancy Hems\"}]},{\"@type\":\"WebSite\",\"@id\":\"https:\\\/\\\/www.luzine-happel.de\\\/#website\",\"url\":\"https:\\\/\\\/www.luzine-happel.de\\\/\",\"name\":\"Luzine Happel\",\"description\":\"\",\"potentialAction\":[{\"@type\":\"SearchAction\",\"target\":{\"@type\":\"EntryPoint\",\"urlTemplate\":\"https:\\\/\\\/www.luzine-happel.de\\\/?s={search_term_string}\"},\"query-input\":{\"@type\":\"PropertyValueSpecification\",\"valueRequired\":true,\"valueName\":\"search_term_string\"}}],\"inLanguage\":\"de\"}]}<\/script>\n<!-- \/ Yoast SEO plugin. -->","yoast_head_json":{"title":"Fancy Hems - Luzine Happel","robots":{"index":"index","follow":"follow","max-snippet":"max-snippet:-1","max-image-preview":"max-image-preview:large","max-video-preview":"max-video-preview:-1"},"canonical":"https:\/\/www.luzine-happel.de\/?page_id=366&lang=en","og_locale":"de_DE","og_type":"article","og_title":"Fancy Hems - Luzine Happel","og_url":"https:\/\/www.luzine-happel.de\/?page_id=366&lang=en","og_site_name":"Luzine Happel","article_modified_time":"2019-02-25T20:28:20+00:00","twitter_card":"summary_large_image","schema":{"@context":"https:\/\/schema.org","@graph":[{"@type":"WebPage","@id":"https:\/\/www.luzine-happel.de\/?page_id=366&lang=en","url":"https:\/\/www.luzine-happel.de\/?page_id=366&lang=en","name":"Fancy Hems - Luzine Happel","isPartOf":{"@id":"https:\/\/www.luzine-happel.de\/#website"},"datePublished":"2012-07-05T08:02:00+00:00","dateModified":"2019-02-25T20:28:20+00:00","breadcrumb":{"@id":"https:\/\/www.luzine-happel.de\/?page_id=366&lang=en#breadcrumb"},"inLanguage":"de","potentialAction":[{"@type":"ReadAction","target":["https:\/\/www.luzine-happel.de\/?page_id=366&lang=en"]}]},{"@type":"BreadcrumbList","@id":"https:\/\/www.luzine-happel.de\/?page_id=366&lang=en#breadcrumb","itemListElement":[{"@type":"ListItem","position":1,"name":"Startseite","item":"https:\/\/www.luzine-happel.de\/"},{"@type":"ListItem","position":2,"name":"Shop","item":"https:\/\/www.luzine-happel.de\/?page_id=57&lang=en"},{"@type":"ListItem","position":3,"name":"Fancy Hems"}]},{"@type":"WebSite","@id":"https:\/\/www.luzine-happel.de\/#website","url":"https:\/\/www.luzine-happel.de\/","name":"Luzine Happel","description":"","potentialAction":[{"@type":"SearchAction","target":{"@type":"EntryPoint","urlTemplate":"https:\/\/www.luzine-happel.de\/?s={search_term_string}"},"query-input":{"@type":"PropertyValueSpecification","valueRequired":true,"valueName":"search_term_string"}}],"inLanguage":"de"}]}},"_links":{"self":[{"href":"https:\/\/www.luzine-happel.de\/index.php?rest_route=\/wp\/v2\/pages\/366","targetHints":{"allow":["GET"]}}],"collection":[{"href":"https:\/\/www.luzine-happel.de\/index.php?rest_route=\/wp\/v2\/pages"}],"about":[{"href":"https:\/\/www.luzine-happel.de\/index.php?rest_route=\/wp\/v2\/types\/page"}],"author":[{"embeddable":true,"href":"https:\/\/www.luzine-happel.de\/index.php?rest_route=\/wp\/v2\/users\/1"}],"replies":[{"embeddable":true,"href":"https:\/\/www.luzine-happel.de\/index.php?rest_route=%2Fwp%2Fv2%2Fcomments&post=366"}],"version-history":[{"count":3,"href":"https:\/\/www.luzine-happel.de\/index.php?rest_route=\/wp\/v2\/pages\/366\/revisions"}],"predecessor-version":[{"id":14498,"href":"https:\/\/www.luzine-happel.de\/index.php?rest_route=\/wp\/v2\/pages\/366\/revisions\/14498"}],"up":[{"embeddable":true,"href":"https:\/\/www.luzine-happel.de\/index.php?rest_route=\/wp\/v2\/pages\/57"}],"wp:attachment":[{"href":"https:\/\/www.luzine-happel.de\/index.php?rest_route=%2Fwp%2Fv2%2Fmedia&parent=366"}],"curies":[{"name":"wp","href":"https:\/\/api.w.org\/{rel}","templated":true}]}}