{"id":748,"date":"2012-07-12T14:12:31","date_gmt":"2012-07-12T12:12:31","guid":{"rendered":"https:\/\/www.luzine-happel.de\/?page_id=748"},"modified":"2019-02-01T06:38:50","modified_gmt":"2019-02-01T04:38:50","slug":"grundlagen-der-schwalmer-weisstickerei","status":"publish","type":"page","link":"https:\/\/www.luzine-happel.de\/?page_id=748","title":{"rendered":"Grundlagen der Schw\u00e4lmer Wei\u00dfstickerei"},"content":{"rendered":"<div class='content-column one_half'><a href=\"https:\/\/www.luzine-happel.de\/wp-content\/uploads\/2012\/06\/Grundl_der_Schwaelmer_Weissstickerei012.jpg\"><img loading=\"lazy\" decoding=\"async\" class=\"alignleft lupenb\" title=\"Grundlagen der Schw\u00e4lmer Wei\u00dfstickerei - Luzine Happel\" src=\"https:\/\/www.luzine-happel.de\/wp-content\/uploads\/2012\/06\/Grundl_der_Schwaelmer_Weissstickerei012-438x619.jpg\" alt=\"Grundlagen der Schw\u00e4lmer Wei\u00dfstickerei - Luzine Happel\" width=\"438\" height=\"619\"  style=\"border:1px solid #000000;float:none;\"\/><\/a><center><strong>Grundlagen der Schw\u00e4lmer Wei\u00dfstickerei<\/strong><\/center><br \/><\/div>\n<div class='content-column one_half last_column'>Luzine Happel<br \/>\n<strong>Grundlagen der Schw\u00e4lmer Wei\u00dfstickerei<\/strong><br \/>\n&#8211; ausf\u00fchrlich vermittelt durch bebilderte Schritt-f\u00fcr-Schritt-<\/p>\n<ul>\n<li>Anleitung<\/li>\n<li>Eigenverlag 2002; 2.\u00fcberarbeitete Auflage 2015<\/li>\n<li>Text deutsch<\/li>\n<li>88 Seiten farbig; Ringbindung<\/li>\n<\/ul>\n<p>An Hand eines \u2013 beiliegenden \u2013 Konturenmusters entsteht eine Decke in Schw\u00e4lmer Wei\u00dfstickerei. Von den ben\u00f6tigten Materialien bis zur W\u00e4sche des fertig gestellten St\u00fcckes wird alles, wirklich alles, in kleinsten Schritten in Wort und Bild erkl\u00e4rt, wobei alle in der Schw\u00e4lmer Stickerei gebr\u00e4uchlichen Basisstiche abgehandelt werden.<br \/>\nDas Buch ist gedacht f\u00fcr Stickerinnen, die sich diese Technik im Selbststudium aneignen wollen; aber auch f\u00fcr Kursleiterinnen, die dadurch eine Unterst\u00fctzung in ihrer Lehrt\u00e4tigkeit erhalten oder als Nachschlagewerk f\u00fcr Stickerinnen, die nur ab und zu ihrem Hobby nachkommen k\u00f6nnen.<br \/>\nEinen Einblick in das Buch kann man nehmen unter &#8222;<a title=\"Grundlagen der Schw\u00e4lmer Wei\u00dfstickerei\" href=\"https:\/\/www.luzine-happel.de\/?page_id=4\">Shop<\/a>&#8220;<br \/><\/div><div class='clear_column'><\/div>","protected":false},"excerpt":{"rendered":"","protected":false},"author":1,"featured_media":0,"parent":55,"menu_order":0,"comment_status":"open","ping_status":"open","template":"page-FullWidth.php","meta":{"inline_featured_image":false,"footnotes":""},"class_list":["post-748","page","type-page","status-publish","hentry","wpautop"],"yoast_head":"<!-- This site is optimized with the Yoast SEO plugin v27.4 - https:\/\/yoast.com\/product\/yoast-seo-wordpress\/ -->\n<title>Grundlagen der Schw\u00e4lmer Wei\u00dfstickerei - Luzine Happel<\/title>\n<meta name=\"robots\" content=\"index, follow, max-snippet:-1, max-image-preview:large, max-video-preview:-1\" \/>\n<link rel=\"canonical\" href=\"https:\/\/www.luzine-happel.de\/?page_id=748&lang=en\" \/>\n<meta property=\"og:locale\" content=\"de_DE\" \/>\n<meta property=\"og:type\" content=\"article\" \/>\n<meta property=\"og:title\" content=\"Grundlagen der Schw\u00e4lmer Wei\u00dfstickerei - Luzine Happel\" \/>\n<meta property=\"og:url\" content=\"https:\/\/www.luzine-happel.de\/?page_id=748&amp;lang=en\" \/>\n<meta property=\"og:site_name\" content=\"Luzine Happel\" \/>\n<meta property=\"article:modified_time\" content=\"2019-02-01T04:38:50+00:00\" \/>\n<meta property=\"og:image\" content=\"https:\/\/www.luzine-happel.de\/wp-content\/uploads\/2012\/06\/Grundl_der_Schwaelmer_Weissstickerei012-438x619.jpg\" \/>\n<meta name=\"twitter:card\" content=\"summary_large_image\" \/>\n<meta name=\"twitter:label1\" content=\"Gesch\u00e4tzte Lesezeit\" \/>\n\t<meta name=\"twitter:data1\" content=\"1\u00a0Minute\" \/>\n<script type=\"application\/ld+json\" class=\"yoast-schema-graph\">{\"@context\":\"https:\\\/\\\/schema.org\",\"@graph\":[{\"@type\":\"WebPage\",\"@id\":\"https:\\\/\\\/www.luzine-happel.de\\\/?page_id=748&lang=en\",\"url\":\"https:\\\/\\\/www.luzine-happel.de\\\/?page_id=748&lang=en\",\"name\":\"Grundlagen der Schw\u00e4lmer Wei\u00dfstickerei - Luzine Happel\",\"isPartOf\":{\"@id\":\"https:\\\/\\\/www.luzine-happel.de\\\/#website\"},\"primaryImageOfPage\":{\"@id\":\"https:\\\/\\\/www.luzine-happel.de\\\/?page_id=748&lang=en#primaryimage\"},\"image\":{\"@id\":\"https:\\\/\\\/www.luzine-happel.de\\\/?page_id=748&lang=en#primaryimage\"},\"thumbnailUrl\":\"https:\\\/\\\/www.luzine-happel.de\\\/wp-content\\\/uploads\\\/2012\\\/06\\\/Grundl_der_Schwaelmer_Weissstickerei012-438x619.jpg\",\"datePublished\":\"2012-07-12T12:12:31+00:00\",\"dateModified\":\"2019-02-01T04:38:50+00:00\",\"breadcrumb\":{\"@id\":\"https:\\\/\\\/www.luzine-happel.de\\\/?page_id=748&lang=en#breadcrumb\"},\"inLanguage\":\"de\",\"potentialAction\":[{\"@type\":\"ReadAction\",\"target\":[\"https:\\\/\\\/www.luzine-happel.de\\\/?page_id=748&lang=en\"]}]},{\"@type\":\"ImageObject\",\"inLanguage\":\"de\",\"@id\":\"https:\\\/\\\/www.luzine-happel.de\\\/?page_id=748&lang=en#primaryimage\",\"url\":\"https:\\\/\\\/www.luzine-happel.de\\\/wp-content\\\/uploads\\\/2012\\\/06\\\/Grundl_der_Schwaelmer_Weissstickerei012.jpg\",\"contentUrl\":\"https:\\\/\\\/www.luzine-happel.de\\\/wp-content\\\/uploads\\\/2012\\\/06\\\/Grundl_der_Schwaelmer_Weissstickerei012.jpg\",\"width\":\"1240\",\"height\":\"1754\",\"caption\":\"Grundlagen der Schwaelmer Weissstickerei 1 \\\/ 8\"},{\"@type\":\"BreadcrumbList\",\"@id\":\"https:\\\/\\\/www.luzine-happel.de\\\/?page_id=748&lang=en#breadcrumb\",\"itemListElement\":[{\"@type\":\"ListItem\",\"position\":1,\"name\":\"Startseite\",\"item\":\"https:\\\/\\\/www.luzine-happel.de\\\/\"},{\"@type\":\"ListItem\",\"position\":2,\"name\":\"Library\",\"item\":\"https:\\\/\\\/www.luzine-happel.de\\\/?page_id=55&lang=en\"},{\"@type\":\"ListItem\",\"position\":3,\"name\":\"Grundlagen der Schw\u00e4lmer Wei\u00dfstickerei\"}]},{\"@type\":\"WebSite\",\"@id\":\"https:\\\/\\\/www.luzine-happel.de\\\/#website\",\"url\":\"https:\\\/\\\/www.luzine-happel.de\\\/\",\"name\":\"Luzine Happel\",\"description\":\"\",\"potentialAction\":[{\"@type\":\"SearchAction\",\"target\":{\"@type\":\"EntryPoint\",\"urlTemplate\":\"https:\\\/\\\/www.luzine-happel.de\\\/?s={search_term_string}\"},\"query-input\":{\"@type\":\"PropertyValueSpecification\",\"valueRequired\":true,\"valueName\":\"search_term_string\"}}],\"inLanguage\":\"de\"}]}<\/script>\n<!-- \/ Yoast SEO plugin. -->","yoast_head_json":{"title":"Grundlagen der Schw\u00e4lmer Wei\u00dfstickerei - Luzine Happel","robots":{"index":"index","follow":"follow","max-snippet":"max-snippet:-1","max-image-preview":"max-image-preview:large","max-video-preview":"max-video-preview:-1"},"canonical":"https:\/\/www.luzine-happel.de\/?page_id=748&lang=en","og_locale":"de_DE","og_type":"article","og_title":"Grundlagen der Schw\u00e4lmer Wei\u00dfstickerei - Luzine Happel","og_url":"https:\/\/www.luzine-happel.de\/?page_id=748&lang=en","og_site_name":"Luzine Happel","article_modified_time":"2019-02-01T04:38:50+00:00","og_image":[{"url":"https:\/\/www.luzine-happel.de\/wp-content\/uploads\/2012\/06\/Grundl_der_Schwaelmer_Weissstickerei012-438x619.jpg","type":"","width":"","height":""}],"twitter_card":"summary_large_image","twitter_misc":{"Gesch\u00e4tzte Lesezeit":"1\u00a0Minute"},"schema":{"@context":"https:\/\/schema.org","@graph":[{"@type":"WebPage","@id":"https:\/\/www.luzine-happel.de\/?page_id=748&lang=en","url":"https:\/\/www.luzine-happel.de\/?page_id=748&lang=en","name":"Grundlagen der Schw\u00e4lmer Wei\u00dfstickerei - Luzine Happel","isPartOf":{"@id":"https:\/\/www.luzine-happel.de\/#website"},"primaryImageOfPage":{"@id":"https:\/\/www.luzine-happel.de\/?page_id=748&lang=en#primaryimage"},"image":{"@id":"https:\/\/www.luzine-happel.de\/?page_id=748&lang=en#primaryimage"},"thumbnailUrl":"https:\/\/www.luzine-happel.de\/wp-content\/uploads\/2012\/06\/Grundl_der_Schwaelmer_Weissstickerei012-438x619.jpg","datePublished":"2012-07-12T12:12:31+00:00","dateModified":"2019-02-01T04:38:50+00:00","breadcrumb":{"@id":"https:\/\/www.luzine-happel.de\/?page_id=748&lang=en#breadcrumb"},"inLanguage":"de","potentialAction":[{"@type":"ReadAction","target":["https:\/\/www.luzine-happel.de\/?page_id=748&lang=en"]}]},{"@type":"ImageObject","inLanguage":"de","@id":"https:\/\/www.luzine-happel.de\/?page_id=748&lang=en#primaryimage","url":"https:\/\/www.luzine-happel.de\/wp-content\/uploads\/2012\/06\/Grundl_der_Schwaelmer_Weissstickerei012.jpg","contentUrl":"https:\/\/www.luzine-happel.de\/wp-content\/uploads\/2012\/06\/Grundl_der_Schwaelmer_Weissstickerei012.jpg","width":"1240","height":"1754","caption":"Grundlagen der Schwaelmer Weissstickerei 1 \/ 8"},{"@type":"BreadcrumbList","@id":"https:\/\/www.luzine-happel.de\/?page_id=748&lang=en#breadcrumb","itemListElement":[{"@type":"ListItem","position":1,"name":"Startseite","item":"https:\/\/www.luzine-happel.de\/"},{"@type":"ListItem","position":2,"name":"Library","item":"https:\/\/www.luzine-happel.de\/?page_id=55&lang=en"},{"@type":"ListItem","position":3,"name":"Grundlagen der Schw\u00e4lmer Wei\u00dfstickerei"}]},{"@type":"WebSite","@id":"https:\/\/www.luzine-happel.de\/#website","url":"https:\/\/www.luzine-happel.de\/","name":"Luzine Happel","description":"","potentialAction":[{"@type":"SearchAction","target":{"@type":"EntryPoint","urlTemplate":"https:\/\/www.luzine-happel.de\/?s={search_term_string}"},"query-input":{"@type":"PropertyValueSpecification","valueRequired":true,"valueName":"search_term_string"}}],"inLanguage":"de"}]}},"_links":{"self":[{"href":"https:\/\/www.luzine-happel.de\/index.php?rest_route=\/wp\/v2\/pages\/748","targetHints":{"allow":["GET"]}}],"collection":[{"href":"https:\/\/www.luzine-happel.de\/index.php?rest_route=\/wp\/v2\/pages"}],"about":[{"href":"https:\/\/www.luzine-happel.de\/index.php?rest_route=\/wp\/v2\/types\/page"}],"author":[{"embeddable":true,"href":"https:\/\/www.luzine-happel.de\/index.php?rest_route=\/wp\/v2\/users\/1"}],"replies":[{"embeddable":true,"href":"https:\/\/www.luzine-happel.de\/index.php?rest_route=%2Fwp%2Fv2%2Fcomments&post=748"}],"version-history":[{"count":4,"href":"https:\/\/www.luzine-happel.de\/index.php?rest_route=\/wp\/v2\/pages\/748\/revisions"}],"predecessor-version":[{"id":14268,"href":"https:\/\/www.luzine-happel.de\/index.php?rest_route=\/wp\/v2\/pages\/748\/revisions\/14268"}],"up":[{"embeddable":true,"href":"https:\/\/www.luzine-happel.de\/index.php?rest_route=\/wp\/v2\/pages\/55"}],"wp:attachment":[{"href":"https:\/\/www.luzine-happel.de\/index.php?rest_route=%2Fwp%2Fv2%2Fmedia&parent=748"}],"curies":[{"name":"wp","href":"https:\/\/api.w.org\/{rel}","templated":true}]}}