{"id":8471,"date":"2017-03-21T23:01:27","date_gmt":"2017-03-21T21:01:27","guid":{"rendered":"https:\/\/www.luzine-happel.de\/?page_id=8471"},"modified":"2023-03-27T21:56:26","modified_gmt":"2023-03-27T19:56:26","slug":"limetrosen-1-rev2","status":"publish","type":"page","link":"https:\/\/www.luzine-happel.de\/?page_id=8471","title":{"rendered":"Limetrosen 1"},"content":{"rendered":"<p><\/p>\n<div class=\"product-description\" data-name=\"Limetrosen I\" data-price=\"35,00\">\n<h3 class=\"product-name\">Limetrosen I<\/h3>\n<div class=\"produktbeschreibung\">\n<ul>\n<li>2. \u00fcberarbeitete Auflage (26.03.2017)<\/li>\n<li>81 Seiten<\/li>\n<li>1032 Bilder<\/li>\n<li>Text: deutsch<\/li>\n<li>67 Fl\u00e4chenf\u00fcllmuster<\/li>\n<li>mit Schnellfinde-\u00dcbersicht<\/li>\n<li>Ringbindung<\/li>\n<\/ul>\n<p>Fl\u00e4chenf\u00fcllmuster mit bebilderter Schritt-f\u00fcr-Schritt Anleitung<br \/>\nWeitergehende Informationen finden Sie <a href=\"https:\/\/www.luzine-happel.de\/?p=8475\">hier<\/a>.&#8220;<\/p>\n<\/div>\n<p class=\"produktpreis\">35,00 \u20ac <\/p>\n<p class=\"produktzusatz\">(zzgl. <a href=\"https:\/\/www.luzine-happel.de\/?page_id=13\">Versandkosten<\/a>)<br \/>Ohne Steuerausweis gem\u00e4\u00df Kleinunternehmerregelung \u00a7 19 UStG<\/p>\n<p><button class=\"btn btn-danger my-cart-btn luzinebutton\" data-id=\"078\" data-name=\"078 | Limetrosen I\" data-summary=\"078 | Limetrosen I\" data-price=\"35,00\" data-quantity=\"1\" data-image=\"https:\/\/www.luzine-happel.de\/wp-content\/uploads\/formidable\/21\/078-Limetrosen-I_Titel_deutsch-198x280.jpg\" data-tax=\"7\">In den Warenkorb<\/button><\/p>\n<\/div>\n<p><\/p>\n\n<div style=\"max-width: 580px;\">\n<div class=\"slick-slider-wrapper\">\n<div class=\"slick-slider slick-slider--size-large\" id=\"slick-slider-1\" >\n<div class=\"slide\" data-attachment-id=\"8502\">\n<div class=\"slide__inner\">\n<a href='https:\/\/www.luzine-happel.de\/wp-content\/uploads\/2017\/03\/Limetrosen-I_Titel_deutsch.jpg'><img width=\"600\" height=\"849\" class=\"attachment-large size-large\" alt=\"\" data-sizes=\"(max-width: 600px) 100vw, 600px\" data-lazy=\"https:\/\/www.luzine-happel.de\/wp-content\/uploads\/2017\/03\/Limetrosen-I_Titel_deutsch-724x1024.jpg\" data-srcset=\"https:\/\/www.luzine-happel.de\/wp-content\/uploads\/2017\/03\/Limetrosen-I_Titel_deutsch-724x1024.jpg 724w, https:\/\/www.luzine-happel.de\/wp-content\/uploads\/2017\/03\/Limetrosen-I_Titel_deutsch-198x280.jpg 198w, https:\/\/www.luzine-happel.de\/wp-content\/uploads\/2017\/03\/Limetrosen-I_Titel_deutsch-768x1086.jpg 768w, https:\/\/www.luzine-happel.de\/wp-content\/uploads\/2017\/03\/Limetrosen-I_Titel_deutsch-438x619.jpg 438w, https:\/\/www.luzine-happel.de\/wp-content\/uploads\/2017\/03\/Limetrosen-I_Titel_deutsch.jpg 849w\" \/><\/a>\n<\/div>\n<\/div>\n<div class=\"slide\" data-attachment-id=\"8478\">\n<div class=\"slide__inner\">\n<a href='https:\/\/www.luzine-happel.de\/wp-content\/uploads\/2017\/03\/Limetrosen-I_Seite-2.jpg'><img width=\"600\" height=\"849\" class=\"attachment-large size-large\" alt=\"\" data-sizes=\"(max-width: 600px) 100vw, 600px\" data-lazy=\"https:\/\/www.luzine-happel.de\/wp-content\/uploads\/2017\/03\/Limetrosen-I_Seite-2-724x1024.jpg\" data-srcset=\"https:\/\/www.luzine-happel.de\/wp-content\/uploads\/2017\/03\/Limetrosen-I_Seite-2-724x1024.jpg 724w, https:\/\/www.luzine-happel.de\/wp-content\/uploads\/2017\/03\/Limetrosen-I_Seite-2-198x280.jpg 198w, https:\/\/www.luzine-happel.de\/wp-content\/uploads\/2017\/03\/Limetrosen-I_Seite-2-768x1086.jpg 768w, https:\/\/www.luzine-happel.de\/wp-content\/uploads\/2017\/03\/Limetrosen-I_Seite-2-438x619.jpg 438w, https:\/\/www.luzine-happel.de\/wp-content\/uploads\/2017\/03\/Limetrosen-I_Seite-2.jpg 849w\" \/><\/a>\n<\/div>\n<\/div>\n<div class=\"slide\" data-attachment-id=\"8477\">\n<div class=\"slide__inner\">\n<a href='https:\/\/www.luzine-happel.de\/wp-content\/uploads\/2017\/03\/Limetrosen-I_Seite-1.jpg'><img width=\"600\" height=\"849\" class=\"attachment-large size-large\" alt=\"\" data-sizes=\"(max-width: 600px) 100vw, 600px\" data-lazy=\"https:\/\/www.luzine-happel.de\/wp-content\/uploads\/2017\/03\/Limetrosen-I_Seite-1-724x1024.jpg\" data-srcset=\"https:\/\/www.luzine-happel.de\/wp-content\/uploads\/2017\/03\/Limetrosen-I_Seite-1-724x1024.jpg 724w, https:\/\/www.luzine-happel.de\/wp-content\/uploads\/2017\/03\/Limetrosen-I_Seite-1-198x280.jpg 198w, https:\/\/www.luzine-happel.de\/wp-content\/uploads\/2017\/03\/Limetrosen-I_Seite-1-768x1086.jpg 768w, https:\/\/www.luzine-happel.de\/wp-content\/uploads\/2017\/03\/Limetrosen-I_Seite-1-438x619.jpg 438w, https:\/\/www.luzine-happel.de\/wp-content\/uploads\/2017\/03\/Limetrosen-I_Seite-1.jpg 849w\" \/><\/a>\n<\/div>\n<\/div>\n<\/div>\n<\/div>\n<\/div>","protected":false},"excerpt":{"rendered":"","protected":false},"author":1,"featured_media":0,"parent":57,"menu_order":0,"comment_status":"closed","ping_status":"closed","template":"page-FullWidth.php","meta":{"inline_featured_image":false,"footnotes":""},"yoast_head":"<!-- This site is optimized with the Yoast SEO plugin v24.5 - https:\/\/yoast.com\/wordpress\/plugins\/seo\/ -->\n<title>Limetrosen 1 - Luzine Happel<\/title>\n<meta name=\"robots\" content=\"index, follow, max-snippet:-1, max-image-preview:large, max-video-preview:-1\" \/>\n<link rel=\"canonical\" href=\"https:\/\/www.luzine-happel.de\/?page_id=8471\" \/>\n<meta property=\"og:locale\" content=\"de_DE\" \/>\n<meta property=\"og:type\" content=\"article\" \/>\n<meta property=\"og:title\" content=\"Limetrosen 1 - Luzine Happel\" \/>\n<meta property=\"og:url\" content=\"https:\/\/www.luzine-happel.de\/?page_id=8471\" \/>\n<meta property=\"og:site_name\" content=\"Luzine Happel\" \/>\n<meta property=\"article:modified_time\" content=\"2023-03-27T19:56:26+00:00\" \/>\n<meta property=\"og:image\" content=\"https:\/\/www.luzine-happel.de\/wp-content\/uploads\/2017\/03\/Limetrosen-I_Titel_deutsch-724x1024.jpg\" \/>\n<meta name=\"twitter:card\" content=\"summary_large_image\" \/>\n<meta name=\"twitter:label1\" content=\"Gesch\u00e4tzte Lesezeit\" \/>\n\t<meta name=\"twitter:data1\" content=\"1\u00a0Minute\" \/>\n<script type=\"application\/ld+json\" class=\"yoast-schema-graph\">{\"@context\":\"https:\/\/schema.org\",\"@graph\":[{\"@type\":\"WebPage\",\"@id\":\"https:\/\/www.luzine-happel.de\/?page_id=8471\",\"url\":\"https:\/\/www.luzine-happel.de\/?page_id=8471\",\"name\":\"Limetrosen 1 - Luzine Happel\",\"isPartOf\":{\"@id\":\"https:\/\/www.luzine-happel.de\/#website\"},\"datePublished\":\"2017-03-21T21:01:27+00:00\",\"dateModified\":\"2023-03-27T19:56:26+00:00\",\"breadcrumb\":{\"@id\":\"https:\/\/www.luzine-happel.de\/?page_id=8471#breadcrumb\"},\"inLanguage\":\"de\",\"potentialAction\":[{\"@type\":\"ReadAction\",\"target\":[\"https:\/\/www.luzine-happel.de\/?page_id=8471\"]}]},{\"@type\":\"BreadcrumbList\",\"@id\":\"https:\/\/www.luzine-happel.de\/?page_id=8471#breadcrumb\",\"itemListElement\":[{\"@type\":\"ListItem\",\"position\":1,\"name\":\"Startseite\",\"item\":\"https:\/\/www.luzine-happel.de\/\"},{\"@type\":\"ListItem\",\"position\":2,\"name\":\"Shop\",\"item\":\"https:\/\/www.luzine-happel.de\/?page_id=57&lang=en\"},{\"@type\":\"ListItem\",\"position\":3,\"name\":\"Limetrosen 1\"}]},{\"@type\":\"WebSite\",\"@id\":\"https:\/\/www.luzine-happel.de\/#website\",\"url\":\"https:\/\/www.luzine-happel.de\/\",\"name\":\"Luzine Happel\",\"description\":\"\",\"potentialAction\":[{\"@type\":\"SearchAction\",\"target\":{\"@type\":\"EntryPoint\",\"urlTemplate\":\"https:\/\/www.luzine-happel.de\/?s={search_term_string}\"},\"query-input\":{\"@type\":\"PropertyValueSpecification\",\"valueRequired\":true,\"valueName\":\"search_term_string\"}}],\"inLanguage\":\"de\"}]}<\/script>\n<!-- \/ Yoast SEO plugin. -->","yoast_head_json":{"title":"Limetrosen 1 - Luzine Happel","robots":{"index":"index","follow":"follow","max-snippet":"max-snippet:-1","max-image-preview":"max-image-preview:large","max-video-preview":"max-video-preview:-1"},"canonical":"https:\/\/www.luzine-happel.de\/?page_id=8471","og_locale":"de_DE","og_type":"article","og_title":"Limetrosen 1 - Luzine Happel","og_url":"https:\/\/www.luzine-happel.de\/?page_id=8471","og_site_name":"Luzine Happel","article_modified_time":"2023-03-27T19:56:26+00:00","og_image":[{"url":"https:\/\/www.luzine-happel.de\/wp-content\/uploads\/2017\/03\/Limetrosen-I_Titel_deutsch-724x1024.jpg","type":"","width":"","height":""}],"twitter_card":"summary_large_image","twitter_misc":{"Gesch\u00e4tzte Lesezeit":"1\u00a0Minute"},"schema":{"@context":"https:\/\/schema.org","@graph":[{"@type":"WebPage","@id":"https:\/\/www.luzine-happel.de\/?page_id=8471","url":"https:\/\/www.luzine-happel.de\/?page_id=8471","name":"Limetrosen 1 - Luzine Happel","isPartOf":{"@id":"https:\/\/www.luzine-happel.de\/#website"},"datePublished":"2017-03-21T21:01:27+00:00","dateModified":"2023-03-27T19:56:26+00:00","breadcrumb":{"@id":"https:\/\/www.luzine-happel.de\/?page_id=8471#breadcrumb"},"inLanguage":"de","potentialAction":[{"@type":"ReadAction","target":["https:\/\/www.luzine-happel.de\/?page_id=8471"]}]},{"@type":"BreadcrumbList","@id":"https:\/\/www.luzine-happel.de\/?page_id=8471#breadcrumb","itemListElement":[{"@type":"ListItem","position":1,"name":"Startseite","item":"https:\/\/www.luzine-happel.de\/"},{"@type":"ListItem","position":2,"name":"Shop","item":"https:\/\/www.luzine-happel.de\/?page_id=57&lang=en"},{"@type":"ListItem","position":3,"name":"Limetrosen 1"}]},{"@type":"WebSite","@id":"https:\/\/www.luzine-happel.de\/#website","url":"https:\/\/www.luzine-happel.de\/","name":"Luzine Happel","description":"","potentialAction":[{"@type":"SearchAction","target":{"@type":"EntryPoint","urlTemplate":"https:\/\/www.luzine-happel.de\/?s={search_term_string}"},"query-input":{"@type":"PropertyValueSpecification","valueRequired":true,"valueName":"search_term_string"}}],"inLanguage":"de"}]}},"_links":{"self":[{"href":"https:\/\/www.luzine-happel.de\/index.php?rest_route=\/wp\/v2\/pages\/8471"}],"collection":[{"href":"https:\/\/www.luzine-happel.de\/index.php?rest_route=\/wp\/v2\/pages"}],"about":[{"href":"https:\/\/www.luzine-happel.de\/index.php?rest_route=\/wp\/v2\/types\/page"}],"author":[{"embeddable":true,"href":"https:\/\/www.luzine-happel.de\/index.php?rest_route=\/wp\/v2\/users\/1"}],"replies":[{"embeddable":true,"href":"https:\/\/www.luzine-happel.de\/index.php?rest_route=%2Fwp%2Fv2%2Fcomments&post=8471"}],"version-history":[{"count":9,"href":"https:\/\/www.luzine-happel.de\/index.php?rest_route=\/wp\/v2\/pages\/8471\/revisions"}],"predecessor-version":[{"id":22154,"href":"https:\/\/www.luzine-happel.de\/index.php?rest_route=\/wp\/v2\/pages\/8471\/revisions\/22154"}],"up":[{"embeddable":true,"href":"https:\/\/www.luzine-happel.de\/index.php?rest_route=\/wp\/v2\/pages\/57"}],"wp:attachment":[{"href":"https:\/\/www.luzine-happel.de\/index.php?rest_route=%2Fwp%2Fv2%2Fmedia&parent=8471"}],"curies":[{"name":"wp","href":"https:\/\/api.w.org\/{rel}","templated":true}]}}